{"id":61096,"date":"2024-09-21T07:22:35","date_gmt":"2024-09-21T07:22:35","guid":{"rendered":"https:\/\/campzilla-shop.com\/produkt\/thermomattenset-vw-california-2\/"},"modified":"2026-04-27T09:20:27","modified_gmt":"2026-04-27T09:20:27","slug":"thermomatten-vw-t5-t6-multivan-cali","status":"publish","type":"product","link":"https:\/\/campzilla-shop.com\/de\/shop\/thermomatten-vw-t5-t6-multivan-cali\/","title":{"rendered":"Thermomatten \u2013 VW T5\/T6\/T6.1 Multivan, California \u2013 Anti-Kondensfunktion!"},"content":{"rendered":"<h2><strong>Perfekter Schutz vor Kondensation, K\u00e4lte und W\u00e4rme \u2013 Made in Italy<\/strong><\/h2>\n<p data-start=\"151\" data-end=\"477\">Unsere <strong data-start=\"158\" data-end=\"232\">Thermomatten f\u00fcr VW T5, T6 und T6.1 Multivan, California und Caravelle<\/strong> bieten zuverl\u00e4ssigen Schutz vor <strong data-start=\"265\" data-end=\"299\">K\u00e4lte, Hitze und Kondenswasser<\/strong>. Das speziell entwickelte, mehrschichtige Isolationsmaterial sorgt f\u00fcr ein angenehmes Klima im Innenraum und reduziert gleichzeitig die Bildung von Feuchtigkeit an den Scheiben.<\/p>\n<p data-start=\"479\" data-end=\"713\">Gerade beim <strong data-start=\"491\" data-end=\"529\">Camping oder \u00dcbernachten im VW Bus<\/strong> sind trockene Scheiben und eine gute Isolation entscheidend f\u00fcr Komfort. Die Thermomatten halten im Winter die W\u00e4rme im Fahrzeug und sch\u00fctzen im Sommer vor starker Sonneneinstrahlung.<\/p>\n<p data-start=\"715\" data-end=\"1020\">Dank der <strong data-start=\"724\" data-end=\"744\">passgenauen Form<\/strong> lassen sich die Matten schnell und einfach mit den mitgelieferten <strong data-start=\"811\" data-end=\"837\">Saugn\u00e4pfen mit Gewinde<\/strong> anbringen und bei Bedarf wieder entfernen. Zus\u00e4tzlich bieten sie <strong data-start=\"903\" data-end=\"932\">Sichtschutz und UV-Schutz<\/strong>, sodass Dein Innenraum vor neugierigen Blicken und Sonneneinstrahlung gesch\u00fctzt bleibt.<\/p>\n<p data-start=\"1022\" data-end=\"1154\">Die hochwertigen Materialien sind <strong data-start=\"1056\" data-end=\"1097\">robust, langlebig und wetterbest\u00e4ndig<\/strong> \u2013 perfekt f\u00fcr den regelm\u00e4\u00dfigen Einsatz im Camper-Alltag.<\/p>\n<p data-start=\"1156\" data-end=\"1197\"><strong data-start=\"1156\" data-end=\"1166\">Farbe:<\/strong><br data-start=\"1166\" data-end=\"1169\" \/>Innen grau, au\u00dfen hellgrau<\/p>\n<p data-start=\"1199\" data-end=\"1268\" data-is-last-node=\"\" data-is-only-node=\"\"><strong data-start=\"1199\" data-end=\"1216\">Lieferumfang:<\/strong><br data-start=\"1216\" data-end=\"1219\" \/>8 Thermomatten<br data-start=\"1233\" data-end=\"1236\" \/>Saugn\u00e4pfe mit Gewinde<br data-start=\"1257\" data-end=\"1260\" \/>Packsack<\/p>\n","protected":false},"excerpt":{"rendered":"<p>Passgenaue Thermomatten f\u00fcr Volkswagen VW T5\/T6\/T6.1 mit Heckklappe. Kurzer oder langer Radstand ist ausw\u00e4hlbar.<\/p>\n<p>Die Thermomatten k\u00f6nnen problemlos abgenommen werden, w\u00e4hrend die Saugn\u00e4pfe (dank des Gewindes) einfach an den Fenster bleiben.<\/p>\n<p><strong>Hergestellt in Italien!<\/strong><\/p>\n","protected":false},"featured_media":59257,"template":"","meta":{"site-sidebar-layout":"default","site-content-layout":"","ast-site-content-layout":"default","site-content-style":"default","site-sidebar-style":"default","ast-global-header-display":"","ast-banner-title-visibility":"","ast-main-header-display":"","ast-hfb-above-header-display":"","ast-hfb-below-header-display":"","ast-hfb-mobile-header-display":"","site-post-title":"","ast-breadcrumbs-content":"","ast-featured-img":"","footer-sml-layout":"","ast-disable-related-posts":"","theme-transparent-header-meta":"default","adv-header-id-meta":"","stick-header-meta":"","header-above-stick-meta":"","header-main-stick-meta":"","header-below-stick-meta":"","astra-migrate-meta-layouts":"set","ast-page-background-enabled":"default","ast-page-background-meta":{"desktop":{"background-color":"","background-image":"","background-repeat":"repeat","background-position":"center center","background-size":"auto","background-attachment":"scroll","background-type":"","background-media":"","overlay-type":"","overlay-color":"","overlay-opacity":"","overlay-gradient":""},"tablet":{"background-color":"","background-image":"","background-repeat":"repeat","background-position":"center center","background-size":"auto","background-attachment":"scroll","background-type":"","background-media":"","overlay-type":"","overlay-color":"","overlay-opacity":"","overlay-gradient":""},"mobile":{"background-color":"","background-image":"","background-repeat":"repeat","background-position":"center center","background-size":"auto","background-attachment":"scroll","background-type":"","background-media":"","overlay-type":"","overlay-color":"","overlay-opacity":"","overlay-gradient":""}},"ast-content-background-meta":{"desktop":{"background-color":"var(--ast-global-color-5)","background-image":"","background-repeat":"repeat","background-position":"center center","background-size":"auto","background-attachment":"scroll","background-type":"","background-media":"","overlay-type":"","overlay-color":"","overlay-opacity":"","overlay-gradient":""},"tablet":{"background-color":"var(--ast-global-color-5)","background-image":"","background-repeat":"repeat","background-position":"center center","background-size":"auto","background-attachment":"scroll","background-type":"","background-media":"","overlay-type":"","overlay-color":"","overlay-opacity":"","overlay-gradient":""},"mobile":{"background-color":"var(--ast-global-color-5)","background-image":"","background-repeat":"repeat","background-position":"center center","background-size":"auto","background-attachment":"scroll","background-type":"","background-media":"","overlay-type":"","overlay-color":"","overlay-opacity":"","overlay-gradient":""}},"iawp_total_views":93},"product_brand":[],"product_cat":[422],"product_tag":[],"class_list":{"0":"post-61096","1":"product","2":"type-product","3":"status-publish","4":"has-post-thumbnail","6":"product_cat-volkswagen-vw-t5-t6-t7-de","7":"product_shipping_class-groesse-m","8":"desktop-align-left","9":"tablet-align-left","10":"mobile-align-left","11":"ast-product-gallery-layout-horizontal-slider","12":"ast-product-single-variable","13":"ast-product-tabs-layout-horizontal","15":"first","16":"onbackorder","17":"taxable","18":"shipping-taxable","19":"purchasable","20":"product-type-variable"},"_links":{"self":[{"href":"https:\/\/campzilla-shop.com\/de\/wp-json\/wp\/v2\/product\/61096","targetHints":{"allow":["GET"]}}],"collection":[{"href":"https:\/\/campzilla-shop.com\/de\/wp-json\/wp\/v2\/product"}],"about":[{"href":"https:\/\/campzilla-shop.com\/de\/wp-json\/wp\/v2\/types\/product"}],"wp:featuredmedia":[{"embeddable":true,"href":"https:\/\/campzilla-shop.com\/de\/wp-json\/wp\/v2\/media\/59257"}],"wp:attachment":[{"href":"https:\/\/campzilla-shop.com\/de\/wp-json\/wp\/v2\/media?parent=61096"}],"wp:term":[{"taxonomy":"product_brand","embeddable":true,"href":"https:\/\/campzilla-shop.com\/de\/wp-json\/wp\/v2\/product_brand?post=61096"},{"taxonomy":"product_cat","embeddable":true,"href":"https:\/\/campzilla-shop.com\/de\/wp-json\/wp\/v2\/product_cat?post=61096"},{"taxonomy":"product_tag","embeddable":true,"href":"https:\/\/campzilla-shop.com\/de\/wp-json\/wp\/v2\/product_tag?post=61096"}],"curies":[{"name":"wp","href":"https:\/\/api.w.org\/{rel}","templated":true}]}}

<h2><strong>Perfekter Schutz vor Kondensation, Kälte und Wärme – Made in Italy</strong></h2>
<p data-start="151" data-end="477">Unsere <strong data-start="158" data-end="232">Thermomatten für VW T5, T6 und T6.1 Multivan, California und Caravelle</strong> bieten zuverlässigen Schutz vor <strong data-start="265" data-end="299">Kälte, Hitze und Kondenswasser</strong>. Das speziell entwickelte, mehrschichtige Isolationsmaterial sorgt für ein angenehmes Klima im Innenraum und reduziert gleichzeitig die Bildung von Feuchtigkeit an den Scheiben.</p>
<p data-start="479" data-end="713">Gerade beim <strong data-start="491" data-end="529">Camping oder Übernachten im VW Bus</strong> sind trockene Scheiben und eine gute Isolation entscheidend für Komfort. Die Thermomatten halten im Winter die Wärme im Fahrzeug und schützen im Sommer vor starker Sonneneinstrahlung.</p>
<p data-start="715" data-end="1020">Dank der <strong data-start="724" data-end="744">passgenauen Form</strong> lassen sich die Matten schnell und einfach mit den mitgelieferten <strong data-start="811" data-end="837">Saugnäpfen mit Gewinde</strong> anbringen und bei Bedarf wieder entfernen. Zusätzlich bieten sie <strong data-start="903" data-end="932">Sichtschutz und UV-Schutz</strong>, sodass Dein Innenraum vor neugierigen Blicken und Sonneneinstrahlung geschützt bleibt.</p>
<p data-start="1022" data-end="1154">Die hochwertigen Materialien sind <strong data-start="1056" data-end="1097">robust, langlebig und wetterbeständig</strong> – perfekt für den regelmäßigen Einsatz im Camper-Alltag.</p>
<p data-start="1156" data-end="1197"><strong data-start="1156" data-end="1166">Farbe:</strong><br data-start="1166" data-end="1169" />Innen grau, außen hellgrau</p>
<p data-start="1199" data-end="1268" data-is-last-node="" data-is-only-node=""><strong data-start="1199" data-end="1216">Lieferumfang:</strong><br data-start="1216" data-end="1219" />8 Thermomatten<br data-start="1233" data-end="1236" />Saugnäpfe mit Gewinde<br data-start="1257" data-end="1260" />Packsack</p>

<p>Passgenaue Thermomatten für Volkswagen VW T5/T6/T6.1 mit Heckklappe. Kurzer oder langer Radstand ist auswählbar.</p>
<p>Die Thermomatten können problemlos abgenommen werden, während die Saugnäpfe (dank des Gewindes) einfach an den Fenster bleiben.</p>
<p><strong>Hergestellt in Italien!</strong></p>
